{"id":163,"date":"2025-08-18T04:26:07","date_gmt":"2025-08-18T04:26:07","guid":{"rendered":"https:\/\/alkotasokangitol.hu\/?page_id=163"},"modified":"2025-12-27T10:20:37","modified_gmt":"2025-12-27T10:20:37","slug":"kezdolap","status":"publish","type":"page","link":"https:\/\/alkotasokangitol.hu\/","title":{"rendered":"Alkot\u00e1sok Angit\u00f3l &#8211; Egyedi \u00e9kszerek anyatejjel, babahajjal"},"content":{"rendered":"[et_pb_section fb_built=&#8221;1&#8243; admin_label=&#8221;section&#8221; _builder_version=&#8221;3.22&#8243; global_colors_info=&#8221;{}&#8221;][et_pb_row admin_label=&#8221;row&#8221; _builder_version=&#8221;3.25&#8243; global_colors_info=&#8221;{}&#8221;][et_pb_column type=&#8221;4_4&#8243; _builder_version=&#8221;3.25&#8243; custom_padding=&#8221;|||&#8221; global_colors_info=&#8221;{}&#8221; custom_padding__hover=&#8221;|||&#8221;][et_pb_text admin_label=&#8221;Text&#8221; _builder_version=&#8221;4.14.1&#8243; background_size=&#8221;initial&#8221; background_position=&#8221;top_left&#8221; background_repeat=&#8221;repeat&#8221; custom_padding=&#8221;|||0px||&#8221; hover_enabled=&#8221;0&#8243; inline_fonts=&#8221;Aclonica,ABeeZee,Abel,Acme&#8221; global_colors_info=&#8221;{}&#8221; sticky_enabled=&#8221;0&#8243;]<p><span style=\"font-family: Aclonica; font-weight: normal; font-size: x-large;\"><strong>\u00c9kszerbe z\u00e1rt \u00e9rz\u00e9sek, egyedi elk\u00e9pzel\u00e9sek<\/strong><\/span><\/p>\n<h5 class=\"wp-block-heading has-text-align-center\"><span style=\"font-family: Aclonica; font-weight: normal; font-size: x-large;\"><strong><\/strong><\/span><\/h5>\n<h5><span style=\"font-family: Acme; font-weight: normal;\"><!-- \/wp:post-content --><\/span><\/h5>\n<h5><span style=\"font-family: Acme; font-weight: normal;\"><!-- wp:paragraph {\"align\":\"left\",\"fontFamily\":\"system-serif\"} --><\/span><\/h5>\n<h5 class=\"has-text-align-left has-system-serif-font-family\"><span style=\"font-family: Aclonica; font-weight: normal; font-size: large;\">Hallott\u00e1l m\u00e1r az eml\u00e9k\u0151rz\u0151 \u00e9kszerekr\u0151l? Esetleg \u00fagy, hogy DNS \u00e9kszer? Vagy eml\u00e9k\u0151r? Nos, ezen az oldalon az \u00e1ltalam rendel\u00e9sre k\u00e9sz\u00edtett \u00e9kszerekb\u0151l l\u00e1thatsz p\u00e1rat, illetve rendelheted meg saj\u00e1tod, ak\u00e1r eddig nem l\u00e1tott st\u00edlusban.<\/span><\/h5>\n<h5><span style=\"font-family: Acme; font-weight: normal;\"><!-- \/wp:paragraph --><\/span><\/h5>\n<h5><span style=\"font-family: Acme; font-weight: normal;\"><!-- wp:paragraph {\"fontSize\":\"medium\"} --><\/span><\/h5>\n<h5><span style=\"font-family: Acme; font-weight: normal;\"><!-- \/wp:paragraph --><\/span><\/h5>\n<h5><span style=\"font-family: Acme; font-weight: normal;\"><!-- wp:paragraph {\"align\":\"center\"} --><\/span><\/h5>\n<h5 class=\"has-text-align-center\"><span style=\"font-family: Aclonica; font-weight: normal;\"><strong>FIGYELEM!<\/strong><\/span><\/h5>\n<h5><span style=\"font-family: Aclonica; font-weight: normal;\"><strong><em><!-- \/wp:paragraph --><\/em><\/strong><\/span><\/h5>\n<h5><span style=\"font-family: Aclonica; font-weight: normal;\"><strong><em><!-- wp:paragraph {\"fontSize\":\"medium\",\"fontFamily\":\"system-serif\"} --><\/em><\/strong><\/span><\/h5>\n<h5 class=\"has-system-serif-font-family has-medium-font-size\"><span style=\"font-family: Aclonica; font-size: medium; font-weight: normal;\">Miel\u0151tt rendel\u00e9sed leadod, k\u00e9rlek vedd figyelembe, hogy a k\u00e9sz\u00edt\u00e9si id\u0151 minimum 1 h\u00f3nap.\u00a0<\/span><\/h5>\n<h5 class=\"has-system-serif-font-family has-medium-font-size\"><span style=\"font-family: Aclonica; font-size: medium; font-weight: normal;\">A v\u00e1llal\u00e1si id\u0151m 4 h\u00f3nap, \u00e1ltal\u00e1noss\u00e1gban ez id\u0151n bel\u00fcl elk\u00e9sz\u00fclnek a rendel\u00e9sek, kir\u00edv\u00f3 esetekben kimaxolom ezt az id\u0151t.<\/span><span style=\"font-family: Acme; font-weight: normal;\"><!-- wp:paragraph {\"align\":\"center\",\"fontSize\":\"large\",\"fontFamily\":\"system-serif\"} --><\/span><\/h5>\n<h5><span style=\"font-family: Acme; font-size: medium;\"><!-- \/wp:paragraph --><\/span><\/h5>\n<h5><span style=\"font-family: Acme; font-size: medium;\"><!-- wp:paragraph {\"fontSize\":\"medium\",\"fontFamily\":\"system-serif\"} --><\/span><\/h5>\n<h5><span style=\"font-family: Acme; font-weight: normal;\"><!-- \/wp:paragraph --><\/span><\/h5>\n<h5><span style=\"font-family: Acme; font-weight: normal;\"><!-- wp:paragraph --><\/span><\/h5>\n<h5><span style=\"font-family: Acme; font-weight: normal;\"><!-- \/wp:paragraph --><\/span><\/h5>\n<h5 class=\"has-text-align-center has-system-serif-font-family has-large-font-size\"><span style=\"font-family: Aclonica; font-weight: normal; font-size: large;\"><strong>Szolg\u00e1ltat\u00e1sok<\/strong><\/span><\/h5>\n<h5><span style=\"font-family: Aclonica; font-weight: normal;\"><!-- \/wp:paragraph --><\/span><\/h5>\n<h5><span style=\"font-family: Aclonica; font-weight: normal;\"><!-- wp:group {\"layout\":{\"type\":\"grid\"}} --><\/span><\/h5>\n<p><span style=\"font-family: Aclonica; font-weight: normal;\"><!-- wp:heading {\"level\":3,\"fontSize\":\"medium\",\"fontFamily\":\"system-serif\"} --><\/span><\/p>\n<h3 class=\"wp-block-heading has-system-serif-font-family has-medium-font-size\"><span style=\"font-family: Aclonica; font-weight: normal; font-size: medium;\"><strong>\u00c9kszereid nemesf\u00e9mmel is k\u00e9rheted!<\/strong> <\/span><\/h3>\n<h5><span style=\"font-family: Aclonica; font-weight: normal;\">\u00c9kszered m\u00e9g \u00e9rt\u00e9kesebb lehet nemesf\u00e9mmel! \u00d6tv\u00f6s egy\u00fcttm\u0171k\u00f6d\u00e9s\u00e9vel \u00e9kszered k\u00e9sz\u00fclhet aranyb\u00f3l \u00e9s ez\u00fcstb\u0151l is! Hamarosan a term\u00e9kek k\u00f6z\u00f6tt \u00e1rakkal tal\u00e1lod \u0151ket, addig is k\u00e9rj \u00e1raj\u00e1nlatot.<\/span><\/h5>\n<h5><span style=\"font-family: Aclonica; font-weight: normal; font-size: medium;\"><!-- \/wp:heading --><\/span><\/h5>\n<h5><span style=\"font-family: Aclonica; font-weight: normal; font-size: medium;\"><!-- wp:heading {\"level\":3,\"style\":{\"layout\":{\"columnSpan\":1,\"rowSpan\":1}},\"fontSize\":\"medium\",\"fontFamily\":\"system-serif\"} --><\/span><\/h5>\n<h5 class=\"wp-block-heading has-system-serif-font-family has-medium-font-size\"><span style=\"font-family: Aclonica; font-weight: normal; font-size: medium;\"><strong>Anyatejjel k\u00e9sz\u00edtett eml\u00e9k\u0151r\u00f6k<\/strong><\/span><\/h5>\n<h5><span style=\"font-family: Aclonica; font-weight: normal;\">\u00c9kszered elk\u00e9sz\u00edthetem anyatejb\u0151l, amely az els\u0151 perct\u0151l \u00f6sszek\u00f6t gyermekeddel, t\u00e1pl\u00e1lja, gyarap\u00edtja. Sokszor f\u00e1jdalmas, f\u00e1raszt\u00f3, k\u00fczdelmes id\u0151szakok \u00e1r\u00e1n, vagy \u00e9vekig tart\u00f3 kapocs koron\u00e1ja lehet sz\u00e1modra, sz\u00e1motokra ez az \u00e9kszer.<\/span><\/h5>\n<h5><span style=\"font-family: Aclonica; font-weight: normal;\"><!-- \/wp:heading --><\/span><\/h5>\n<h5><span style=\"font-family: Aclonica; font-weight: normal;\"><!-- wp:heading {\"level\":3,\"fontSize\":\"medium\",\"fontFamily\":\"system-serif\"} --><\/span><\/h5>\n<h5 class=\"wp-block-heading has-system-serif-font-family has-medium-font-size\"><span style=\"font-family: Aclonica; font-weight: normal; font-size: medium;\"><strong>(Baba)hajjal k\u00e9sz\u00edtett eml\u00e9k\u0151r\u00f6k<\/strong><\/span><\/h5>\n<h5><span style=\"font-family: Aclonica; font-weight: normal;\">Nem mindenkinek siker\u00fcl a szoptat\u00e1s, nem mindenkit t\u00f6lt fel \u00e9rzelmileg a szoptat\u00e1s \u00e9s ez \u00edgy van j\u00f3l, nem vagyunk egyform\u00e1k! Nektek aj\u00e1nlom a (baba)hajjal d\u00edsz\u00edtett \u00e9kszereket, melyek ugyanannyira fontos \u00e9s \u00e9rzelmekkel t\u00f6lt\u00f6tt pillanatokat z\u00e1rhatnak magukba, mint b\u00e1rmi, ami a kezeim alatt rendel\u00e9sre megsz\u00fcletik.<\/span><\/h5>\n<p><span style=\"font-family: Aclonica; font-weight: normal;\"><\/span><\/p>\n<p>Kis\u00e1llat sz\u0151rrel\/foggal\/bajusszal k\u00e9sz\u00edtett eml\u00e9k\u0151r\u00f6k<span style=\"font-family: Aclonica; font-weight: normal;\"><\/span><\/p>\n<p>Sz\u0151r\u00f6s kis \u00e9s nagy kedvenceink is rengeteg boldogs\u00e1got hoznak \u00e9let\u00fcnkbe. A hozz\u00e1juk f\u0171z\u0151d\u0151 \u00e9rzelmek ugyanolyan er\u0151sek, mint ak\u00e1r egy gyermekhez. \u00cdgy ha vel\u00fck kapcsolatban szeretn\u00e9l egy \u00f6r\u00f6k eml\u00e9ket, b\u00e1tran n\u00e9zz sz\u00e9t \u00e9s keress bizalommal!<\/p>\n<p>&nbsp;<\/p>\n<p><!-- \/wp:heading --><\/p>\n<p><!-- wp:paragraph --><\/p>\n<p><!-- \/wp:paragraph --><\/p>\n<p><!-- \/wp:group --><\/p>\n<p><!-- wp:paragraph --><\/p>\n<p><!-- \/wp:paragraph --><\/p>[\/et_pb_text][\/et_pb_column][\/et_pb_row][et_pb_row admin_label=&#8221;row&#8221; _builder_version=&#8221;3.25&#8243; global_colors_info=&#8221;{}&#8221;][et_pb_column type=&#8221;4_4&#8243; _builder_version=&#8221;3.25&#8243; custom_padding=&#8221;|||&#8221; global_colors_info=&#8221;{}&#8221; custom_padding__hover=&#8221;|||&#8221;][et_pb_text admin_label=&#8221;Text&#8221; _builder_version=&#8221;4.14.1&#8243; background_size=&#8221;initial&#8221; background_position=&#8221;top_left&#8221; background_repeat=&#8221;repeat&#8221; custom_padding=&#8221;|||0px||&#8221; hover_enabled=&#8221;0&#8243; inline_fonts=&#8221;Aclonica,ABeeZee,Abel,Acme&#8221; global_colors_info=&#8221;{}&#8221; sticky_enabled=&#8221;0&#8243;]<p>&nbsp;<\/p>\n<p>&nbsp;<\/p>\n<p><!-- \/wp:heading --><\/p>\n<p><!-- wp:paragraph --><\/p>\n<p><!-- \/wp:paragraph --><\/p>\n<p><!-- \/wp:group --><\/p>\n<p><!-- wp:paragraph --><\/p>\n<p><!-- \/wp:paragraph --><\/p>[\/et_pb_text][\/et_pb_column][\/et_pb_row][\/et_pb_section]","protected":false},"excerpt":{"rendered":"<p>\u00c9kszerbe z\u00e1rt \u00e9rz\u00e9sek, egyedi elk\u00e9pzel\u00e9sek Hallott\u00e1l m\u00e1r az eml\u00e9k\u0151rz\u0151 \u00e9kszerekr\u0151l? Esetleg \u00fagy, hogy DNS \u00e9kszer? Vagy eml\u00e9k\u0151r? Nos, ezen az oldalon az \u00e1ltalam rendel\u00e9sre k\u00e9sz\u00edtett \u00e9kszerekb\u0151l l\u00e1thatsz p\u00e1rat, illetve rendelheted meg saj\u00e1tod, ak\u00e1r eddig nem l\u00e1tott st\u00edlusban. FIGYELEM! Miel\u0151tt rendel\u00e9sed leadod, k\u00e9rlek vedd figyelembe, hogy a k\u00e9sz\u00edt\u00e9si id\u0151 minimum 1 h\u00f3nap.\u00a0 A v\u00e1llal\u00e1si id\u0151m 4 [&hellip;]<\/p>\n","protected":false},"author":1,"featured_media":0,"parent":0,"menu_order":0,"comment_status":"closed","ping_status":"closed","template":"","meta":{"_et_pb_use_builder":"on","_et_pb_old_content":"<!-- wp:heading {\"textAlign\":\"center\"} -->\n<h2 class=\"wp-block-heading has-text-align-center\"><em>\u00c9kszerbe z\u00e1rt \u00e9rz\u00e9sek, egyedi elk\u00e9pzel\u00e9sek<\/em><\/h2>\n<!-- \/wp:heading -->\n\n<!-- wp:paragraph {\"align\":\"left\",\"fontFamily\":\"system-serif\"} -->\n<p class=\"has-text-align-left has-system-serif-font-family\">Hallott\u00e1l m\u00e1r az eml\u00e9k\u0151rz\u0151 \u00e9kszerekr\u0151l? Esetleg \u00fagy, hogy DNS \u00e9kszer? Vagy eml\u00e9k\u0151r? Nos, ezen az oldalon az \u00e1ltalam rendel\u00e9sre k\u00e9sz\u00edtett \u00e9kszerekb\u0151l l\u00e1thatsz p\u00e1rat, illetve rendelheted meg saj\u00e1tod, ak\u00e1r eddig nem l\u00e1tott st\u00edlusban.<\/p>\n<!-- \/wp:paragraph -->\n\n<!-- wp:paragraph {\"fontSize\":\"medium\"} -->\n<p class=\"has-medium-font-size\"><\/p>\n<!-- \/wp:paragraph -->\n\n<!-- wp:paragraph {\"align\":\"center\"} -->\n<p class=\"has-text-align-center\"><strong>FIGYELEM!<\/strong><\/p>\n<!-- \/wp:paragraph -->\n\n<!-- wp:paragraph {\"fontSize\":\"medium\",\"fontFamily\":\"system-serif\"} -->\n<p class=\"has-system-serif-font-family has-medium-font-size\">Miel\u0151tt rendel\u00e9sed leadod, k\u00e9rlek vedd figyelembe, hogy a k\u00e9sz\u00edt\u00e9si id\u0151 minimum 1 h\u00f3nap.&nbsp;<\/p>\n<!-- \/wp:paragraph -->\n\n<!-- wp:paragraph {\"fontSize\":\"medium\",\"fontFamily\":\"system-serif\"} -->\n<p class=\"has-system-serif-font-family has-medium-font-size\">&nbsp;A v\u00e1llal\u00e1si id\u0151m 4 h\u00f3nap, \u00e1ltal\u00e1noss\u00e1gban ez id\u0151n bel\u00fcl elk\u00e9sz\u00fclnek a rendel\u00e9sek, kir\u00edv\u00f3 esetekben kimaxolom ezt az id\u0151t.<\/p>\n<!-- \/wp:paragraph -->\n\n<!-- wp:paragraph -->\n<p><\/p>\n<!-- \/wp:paragraph -->\n\n<!-- wp:paragraph {\"align\":\"center\",\"fontSize\":\"large\",\"fontFamily\":\"system-serif\"} -->\n<p class=\"has-text-align-center has-system-serif-font-family has-large-font-size\"><em><strong>Szolg\u00e1ltat\u00e1sok<\/strong><\/em><\/p>\n<!-- \/wp:paragraph -->\n\n<!-- wp:group {\"layout\":{\"type\":\"grid\"}} -->\n<div class=\"wp-block-group\"><!-- wp:heading {\"level\":3,\"fontSize\":\"medium\",\"fontFamily\":\"system-serif\"} -->\n<h3 class=\"wp-block-heading has-system-serif-font-family has-medium-font-size\"><strong>\u00c9kszereid nemesf\u00e9mmel is k\u00e9rheted!<\/strong> <br><br>\u00c9kszered m\u00e9g \u00e9rt\u00e9kesebb lehet nemesf\u00e9mmel! \u00d6tv\u00f6s egy\u00fcttm\u0171k\u00f6d\u00e9s\u00e9vel \u00e9kszered k\u00e9sz\u00fclhet aranyb\u00f3l \u00e9s ez\u00fcstb\u0151l is! Hamarosan a term\u00e9kek k\u00f6z\u00f6tt \u00e1rakkal tal\u00e1lod \u0151ket, addig is k\u00e9rj \u00e1raj\u00e1nlatot.<\/h3>\n<!-- \/wp:heading -->\n\n<!-- wp:heading {\"level\":3,\"style\":{\"layout\":{\"columnSpan\":1,\"rowSpan\":1}},\"fontSize\":\"medium\",\"fontFamily\":\"system-serif\"} -->\n<h3 class=\"wp-block-heading has-system-serif-font-family has-medium-font-size\"><strong>Anyatejjel k\u00e9sz\u00edtett eml\u00e9k\u0151r\u00f6k<\/strong><br><br>\u00c9kszered elk\u00e9sz\u00edthetem anyatejb\u0151l, amely az els\u0151 perct\u0151l \u00f6sszek\u00f6t gyermekeddel, t\u00e1pl\u00e1lja, gyarap\u00edtja. Sokszor f\u00e1jdalmas, f\u00e1raszt\u00f3, k\u00fczdelmes id\u0151szakok \u00e1r\u00e1n, vagy \u00e9vekig tart\u00f3 kapocs koron\u00e1ja lehet sz\u00e1modra, sz\u00e1motokra ez az \u00e9kszer.<\/h3>\n<!-- \/wp:heading -->\n\n<!-- wp:heading {\"level\":3,\"fontSize\":\"medium\",\"fontFamily\":\"system-serif\"} -->\n<h3 class=\"wp-block-heading has-system-serif-font-family has-medium-font-size\"><strong>(Baba)hajjal k\u00e9sz\u00edtett eml\u00e9k\u0151r\u00f6k<\/strong><br><br>Nem mindenkinek siker\u00fcl a szoptat\u00e1s, nem mindenkit t\u00f6lt fel \u00e9rzelmileg a szoptat\u00e1s \u00e9s ez \u00edgy van j\u00f3l, nem vagyunk egyform\u00e1k! Nektek aj\u00e1nlom a (baba)hajjal d\u00edsz\u00edtett \u00e9kszereket, melyek ugyanannyira fontos \u00e9s \u00e9rzelmekkel t\u00f6lt\u00f6tt pillanatokat z\u00e1rhatnak magukba, mint b\u00e1rmi, ami a kezeim alatt rendel\u00e9sre megsz\u00fcletik.<\/h3>\n<!-- \/wp:heading -->\n\n<!-- wp:paragraph -->\n<p><\/p>\n<!-- \/wp:paragraph --><\/div>\n<!-- \/wp:group -->\n\n<!-- wp:paragraph -->\n<p><\/p>\n<!-- \/wp:paragraph -->","_et_gb_content_width":"","footnotes":""},"class_list":["post-163","page","type-page","status-publish","hentry"],"_links":{"self":[{"href":"https:\/\/alkotasokangitol.hu\/index.php\/wp-json\/wp\/v2\/pages\/163","targetHints":{"allow":["GET"]}}],"collection":[{"href":"https:\/\/alkotasokangitol.hu\/index.php\/wp-json\/wp\/v2\/pages"}],"about":[{"href":"https:\/\/alkotasokangitol.hu\/index.php\/wp-json\/wp\/v2\/types\/page"}],"author":[{"embeddable":true,"href":"https:\/\/alkotasokangitol.hu\/index.php\/wp-json\/wp\/v2\/users\/1"}],"replies":[{"embeddable":true,"href":"https:\/\/alkotasokangitol.hu\/index.php\/wp-json\/wp\/v2\/comments?post=163"}],"version-history":[{"count":15,"href":"https:\/\/alkotasokangitol.hu\/index.php\/wp-json\/wp\/v2\/pages\/163\/revisions"}],"predecessor-version":[{"id":369,"href":"https:\/\/alkotasokangitol.hu\/index.php\/wp-json\/wp\/v2\/pages\/163\/revisions\/369"}],"wp:attachment":[{"href":"https:\/\/alkotasokangitol.hu\/index.php\/wp-json\/wp\/v2\/media?parent=163"}],"curies":[{"name":"wp","href":"https:\/\/api.w.org\/{rel}","templated":true}]}}