{"id":102,"date":"2025-02-18T09:16:31","date_gmt":"2025-02-18T09:16:31","guid":{"rendered":"https:\/\/alkotasokangitol.hu\/?post_type=product&#038;p=102"},"modified":"2025-02-18T09:16:31","modified_gmt":"2025-02-18T09:16:31","slug":"laura-anyatejes-charm","status":"publish","type":"product","link":"https:\/\/alkotasokangitol.hu\/index.php\/termek\/laura-anyatejes-charm\/","title":{"rendered":"Laura anyatejes charm"},"content":{"rendered":"<p>A Lilla charm &#8216;testv\u00e9re&#8217;, egyszer\u0171 hajmint\u00e1val d\u00edsz\u00edtett, nagylyuk\u00fa gy\u00f6ngyt\u00edpus. Kiv\u00e1l\u00f3 v\u00e1laszt\u00e1s testv\u00e9rek eset\u00e9n, ahol k\u00fcl\u00f6n szeretn\u00e9nk megjelen\u00edteni gyermekeinket, tov\u00e1bb\u00e1 azok sz\u00e1m\u00e1ra, akik m\u00e9g nem tudt\u00e1k eld\u00f6nteni, hogy nyakl\u00e1ncon vagy kark\u00f6t\u0151n szeretn\u00e9k viselni \u00e9kszer\u00fcket.<\/p>\n","protected":false},"excerpt":{"rendered":"<p>A Lilla charm &#8216;testv\u00e9re&#8217;, egyszer\u0171 hajmint\u00e1val d\u00edsz\u00edtett, nagylyuk\u00fa gy\u00f6ngyt\u00edpus. Kiv\u00e1l\u00f3 v\u00e1laszt\u00e1s testv\u00e9rek eset\u00e9n, ahol k\u00fcl\u00f6n szeretn\u00e9nk megjelen\u00edteni gyermekeinket, tov\u00e1bb\u00e1 azok sz\u00e1m\u00e1ra, akik m\u00e9g nem tudt\u00e1k eld\u00f6nteni, hogy nyakl\u00e1ncon vagy kark\u00f6t\u0151n szeretn\u00e9k viselni \u00e9kszer\u00fcket.<\/p>\n","protected":false},"featured_media":103,"template":"","meta":{"_et_pb_use_builder":"","_et_pb_old_content":"","_et_gb_content_width":""},"product_brand":[],"product_cat":[16],"product_tag":[],"class_list":{"0":"post-102","1":"product","2":"type-product","3":"status-publish","4":"has-post-thumbnail","6":"product_cat-anyatejes-ekszer","8":"first","9":"instock","10":"shipping-taxable","11":"purchasable","12":"product-type-simple"},"_links":{"self":[{"href":"https:\/\/alkotasokangitol.hu\/index.php\/wp-json\/wp\/v2\/product\/102","targetHints":{"allow":["GET"]}}],"collection":[{"href":"https:\/\/alkotasokangitol.hu\/index.php\/wp-json\/wp\/v2\/product"}],"about":[{"href":"https:\/\/alkotasokangitol.hu\/index.php\/wp-json\/wp\/v2\/types\/product"}],"wp:featuredmedia":[{"embeddable":true,"href":"https:\/\/alkotasokangitol.hu\/index.php\/wp-json\/wp\/v2\/media\/103"}],"wp:attachment":[{"href":"https:\/\/alkotasokangitol.hu\/index.php\/wp-json\/wp\/v2\/media?parent=102"}],"wp:term":[{"taxonomy":"product_brand","embeddable":true,"href":"https:\/\/alkotasokangitol.hu\/index.php\/wp-json\/wp\/v2\/product_brand?post=102"},{"taxonomy":"product_cat","embeddable":true,"href":"https:\/\/alkotasokangitol.hu\/index.php\/wp-json\/wp\/v2\/product_cat?post=102"},{"taxonomy":"product_tag","embeddable":true,"href":"https:\/\/alkotasokangitol.hu\/index.php\/wp-json\/wp\/v2\/product_tag?post=102"}],"curies":[{"name":"wp","href":"https:\/\/api.w.org\/{rel}","templated":true}]}}