{"id":114,"date":"2025-05-23T06:42:19","date_gmt":"2025-05-23T06:42:19","guid":{"rendered":"https:\/\/alkotasokangitol.hu\/?post_type=product&#038;p=114"},"modified":"2025-05-23T06:43:56","modified_gmt":"2025-05-23T06:43:56","slug":"koldokcsonkbol-kezdobetu-europa-stilusu-charm","status":"publish","type":"product","link":"https:\/\/alkotasokangitol.hu\/index.php\/termek\/koldokcsonkbol-kezdobetu-europa-stilusu-charm\/","title":{"rendered":"K\u00f6ld\u00f6kcsonkb\u00f3l kezd\u0151bet\u0171 &#8211; Eur\u00f3pa st\u00edlus\u00fa charm"},"content":{"rendered":"<p>Ha te is mindent meg\u0151rz\u00f6l gyermekeddel kapcsolatosan \u00e9s a lees\u0151 k\u00f6ld\u00f6kcsonkj\u00e1t is a fi\u00f3k m\u00e9ly\u00e9n \u0151rizgeted, akkor ez most egy kiv\u00e1l\u00f3 alkalom, hogy \u00e9kszerk\u00e9nt t\u00e9nylegesen \u00f6r\u00f6kre eml\u00e9lbe z\u00e1rd, ne kall\u00f3djon el. Minim\u00e1lis r\u00e9sz\u00e9t haszn\u00e1lom fel az \u00e9kszered k\u00e9sz\u00edt\u00e9se sor\u00e1n, \u00edgy szinte ugyanolyan form\u00e1ban az eml\u00e9kdobozba is vissza teheted, m\u00e9gis megmarad st\u00edlusosan egy darabja.<\/p>\n","protected":false},"excerpt":{"rendered":"<p>Ha te is mindent meg\u0151rz\u00f6l gyermekeddel kapcsolatosan \u00e9s a lees\u0151 k\u00f6ld\u00f6kcsonkj\u00e1t is a fi\u00f3k m\u00e9ly\u00e9n \u0151rizgeted, akkor ez most egy kiv\u00e1l\u00f3 alkalom, hogy \u00e9kszerk\u00e9nt t\u00e9nylegesen \u00f6r\u00f6kre eml\u00e9lbe z\u00e1rd, ne kall\u00f3djon el. Minim\u00e1lis r\u00e9sz\u00e9t haszn\u00e1lom fel az \u00e9kszered k\u00e9sz\u00edt\u00e9se sor\u00e1n, \u00edgy szinte ugyanolyan form\u00e1ban az eml\u00e9kdobozba is vissza teheted, m\u00e9gis megmarad st\u00edlusosan egy darabja.<\/p>\n","protected":false},"featured_media":117,"template":"","meta":{"_et_pb_use_builder":"","_et_pb_old_content":"","_et_gb_content_width":""},"product_brand":[],"product_cat":[18],"product_tag":[],"class_list":{"0":"post-114","1":"product","2":"type-product","3":"status-publish","4":"has-post-thumbnail","6":"product_cat-egyeb-emlekorzo-termekek","8":"first","9":"instock","10":"shipping-taxable","11":"purchasable","12":"product-type-simple"},"_links":{"self":[{"href":"https:\/\/alkotasokangitol.hu\/index.php\/wp-json\/wp\/v2\/product\/114","targetHints":{"allow":["GET"]}}],"collection":[{"href":"https:\/\/alkotasokangitol.hu\/index.php\/wp-json\/wp\/v2\/product"}],"about":[{"href":"https:\/\/alkotasokangitol.hu\/index.php\/wp-json\/wp\/v2\/types\/product"}],"wp:featuredmedia":[{"embeddable":true,"href":"https:\/\/alkotasokangitol.hu\/index.php\/wp-json\/wp\/v2\/media\/117"}],"wp:attachment":[{"href":"https:\/\/alkotasokangitol.hu\/index.php\/wp-json\/wp\/v2\/media?parent=114"}],"wp:term":[{"taxonomy":"product_brand","embeddable":true,"href":"https:\/\/alkotasokangitol.hu\/index.php\/wp-json\/wp\/v2\/product_brand?post=114"},{"taxonomy":"product_cat","embeddable":true,"href":"https:\/\/alkotasokangitol.hu\/index.php\/wp-json\/wp\/v2\/product_cat?post=114"},{"taxonomy":"product_tag","embeddable":true,"href":"https:\/\/alkotasokangitol.hu\/index.php\/wp-json\/wp\/v2\/product_tag?post=114"}],"curies":[{"name":"wp","href":"https:\/\/api.w.org\/{rel}","templated":true}]}}