{"id":135,"date":"2025-05-23T06:59:52","date_gmt":"2025-05-23T06:59:52","guid":{"rendered":"https:\/\/alkotasokangitol.hu\/?post_type=product&#038;p=135"},"modified":"2025-05-23T06:59:52","modified_gmt":"2025-05-23T06:59:52","slug":"lehel-borkarkoto-hajszovessel-apukaknak","status":"publish","type":"product","link":"https:\/\/alkotasokangitol.hu\/index.php\/termek\/lehel-borkarkoto-hajszovessel-apukaknak\/","title":{"rendered":"Lehel b\u0151rkark\u00f6t\u0151 hajsz\u00f6v\u00e9ssel Apuk\u00e1knak"},"content":{"rendered":"<p>Haz\u00e1nkban jelenleg egyed\u00fcl k\u00e9sz\u00edtek hajsz\u00f6v\u00e9ssel m\u0171gyanta \u00e9kszereket. Ez a technika t\u00f6bb gyermek haj\u00e1val is elk\u00e9sz\u00edthet\u0151. K\u00fcl\u00f6nleges mint\u00e1ja miatt eleg\u00e1ns darab, csak visel\u0151je ismeri a &#8216;tartalm\u00e1t&#8217;. Rendel\u0151im k\u00f6r\u00e9ben ez a legkedveltebb \u00e9kszer \u00c9desap\u00e1k r\u00e9sz\u00e9re. Ac\u00e9l csatt miatt biztons\u00e1gos viselete, emellett k\u00e9nyelmes, k\u00f6nnyen le- \u00e9s felvehet\u0151 \u00e9kszer.<br \/>\nPontos csukl\u00f3m\u00e9retet ig\u00e9nyel!<\/p>\n","protected":false},"excerpt":{"rendered":"<p>Haz\u00e1nkban jelenleg egyed\u00fcl k\u00e9sz\u00edtek hajsz\u00f6v\u00e9ssel m\u0171gyanta \u00e9kszereket. Ez a technika t\u00f6bb gyermek haj\u00e1val is elk\u00e9sz\u00edthet\u0151. K\u00fcl\u00f6nleges mint\u00e1ja miatt eleg\u00e1ns darab, csak visel\u0151je ismeri a &#8216;tartalm\u00e1t&#8217;. Rendel\u0151im k\u00f6r\u00e9ben ez a legkedveltebb \u00e9kszer \u00c9desap\u00e1k r\u00e9sz\u00e9re. Ac\u00e9l csatt miatt biztons\u00e1gos viselete, emellett k\u00e9nyelmes, k\u00f6nnyen le- \u00e9s felvehet\u0151 \u00e9kszer. Pontos csukl\u00f3m\u00e9retet ig\u00e9nyel!<\/p>\n","protected":false},"featured_media":137,"template":"","meta":{"_et_pb_use_builder":"","_et_pb_old_content":"","_et_gb_content_width":""},"product_brand":[],"product_cat":[20,17],"product_tag":[],"class_list":{"0":"post-135","1":"product","2":"type-product","3":"status-publish","4":"has-post-thumbnail","6":"product_cat-apaknak","7":"product_cat-hajjal-diszitett-anyatej-nelkul-ekszer","9":"first","10":"instock","11":"shipping-taxable","12":"purchasable","13":"product-type-simple"},"_links":{"self":[{"href":"https:\/\/alkotasokangitol.hu\/index.php\/wp-json\/wp\/v2\/product\/135","targetHints":{"allow":["GET"]}}],"collection":[{"href":"https:\/\/alkotasokangitol.hu\/index.php\/wp-json\/wp\/v2\/product"}],"about":[{"href":"https:\/\/alkotasokangitol.hu\/index.php\/wp-json\/wp\/v2\/types\/product"}],"wp:featuredmedia":[{"embeddable":true,"href":"https:\/\/alkotasokangitol.hu\/index.php\/wp-json\/wp\/v2\/media\/137"}],"wp:attachment":[{"href":"https:\/\/alkotasokangitol.hu\/index.php\/wp-json\/wp\/v2\/media?parent=135"}],"wp:term":[{"taxonomy":"product_brand","embeddable":true,"href":"https:\/\/alkotasokangitol.hu\/index.php\/wp-json\/wp\/v2\/product_brand?post=135"},{"taxonomy":"product_cat","embeddable":true,"href":"https:\/\/alkotasokangitol.hu\/index.php\/wp-json\/wp\/v2\/product_cat?post=135"},{"taxonomy":"product_tag","embeddable":true,"href":"https:\/\/alkotasokangitol.hu\/index.php\/wp-json\/wp\/v2\/product_tag?post=135"}],"curies":[{"name":"wp","href":"https:\/\/api.w.org\/{rel}","templated":true}]}}