{"id":233,"date":"2025-09-10T11:31:16","date_gmt":"2025-09-10T11:31:16","guid":{"rendered":"https:\/\/alkotasokangitol.hu\/?post_type=product&#038;p=233"},"modified":"2025-09-10T11:32:04","modified_gmt":"2025-09-10T11:32:04","slug":"vincent-kisallatszorbol-szott-acel-nyaklanc","status":"publish","type":"product","link":"https:\/\/alkotasokangitol.hu\/index.php\/termek\/vincent-kisallatszorbol-szott-acel-nyaklanc\/","title":{"rendered":"Vincent kis\u00e1llatsz\u0151rb\u0151l sz\u0151tt ac\u00e9l nyakl\u00e1nc"},"content":{"rendered":"<p>Ez egy igazi egyedis\u00e9g! Az orsz\u00e1gban el\u0151sz\u00f6r \u00e9s mai napig egyed\u00fcl k\u00e9sz\u00edtek sz\u00f6v\u00e9ssel \u00e9kszereket. A haj mellett a kis\u00e1llatok sz\u0151r\u00e9b\u0151l is teret adtam ennek a technik\u00e1nak, mellyel szemet gy\u00f6ny\u00f6rk\u00f6dtet\u0151 alkot\u00e1sok sz\u00fclettek eddig. Az \u00e1llatok sz\u0151re kev\u00e9sb\u00e9 egys\u00e9ges sz\u00edne miatt l\u00e1tv\u00e1nyban gazdag \u00e9kszerek sz\u00fcletnek. A szolidabb \u00e9kszer kedvel\u0151inek ez az apr\u00f3 m\u00e9ret remek v\u00e1laszt\u00e1s!<br \/>\nA k\u00e9pen egy cica sz\u0151r\u00e9b\u0151l sz\u0151ttem a mint\u00e1t.<\/p>\n","protected":false},"excerpt":{"rendered":"<p>Ez egy igazi egyedis\u00e9g! Az orsz\u00e1gban el\u0151sz\u00f6r \u00e9s mai napig egyed\u00fcl k\u00e9sz\u00edtek sz\u00f6v\u00e9ssel \u00e9kszereket. A haj mellett a kis\u00e1llatok sz\u0151r\u00e9b\u0151l is teret adtam ennek a technik\u00e1nak, mellyel szemet gy\u00f6ny\u00f6rk\u00f6dtet\u0151 alkot\u00e1sok sz\u00fclettek eddig. Az \u00e1llatok sz\u0151re kev\u00e9sb\u00e9 egys\u00e9ges sz\u00edne miatt l\u00e1tv\u00e1nyban gazdag \u00e9kszerek sz\u00fcletnek. A szolidabb \u00e9kszer kedvel\u0151inek ez az apr\u00f3 m\u00e9ret remek v\u00e1laszt\u00e1s! A k\u00e9pen [&hellip;]<\/p>\n","protected":false},"featured_media":206,"template":"","meta":{"_et_pb_use_builder":"","_et_pb_old_content":"","_et_gb_content_width":""},"product_brand":[],"product_cat":[19],"product_tag":[],"class_list":{"0":"post-233","1":"product","2":"type-product","3":"status-publish","4":"has-post-thumbnail","6":"product_cat-kedvencek-emlekere","8":"first","9":"instock","10":"shipping-taxable","11":"purchasable","12":"product-type-simple"},"_links":{"self":[{"href":"https:\/\/alkotasokangitol.hu\/index.php\/wp-json\/wp\/v2\/product\/233","targetHints":{"allow":["GET"]}}],"collection":[{"href":"https:\/\/alkotasokangitol.hu\/index.php\/wp-json\/wp\/v2\/product"}],"about":[{"href":"https:\/\/alkotasokangitol.hu\/index.php\/wp-json\/wp\/v2\/types\/product"}],"wp:featuredmedia":[{"embeddable":true,"href":"https:\/\/alkotasokangitol.hu\/index.php\/wp-json\/wp\/v2\/media\/206"}],"wp:attachment":[{"href":"https:\/\/alkotasokangitol.hu\/index.php\/wp-json\/wp\/v2\/media?parent=233"}],"wp:term":[{"taxonomy":"product_brand","embeddable":true,"href":"https:\/\/alkotasokangitol.hu\/index.php\/wp-json\/wp\/v2\/product_brand?post=233"},{"taxonomy":"product_cat","embeddable":true,"href":"https:\/\/alkotasokangitol.hu\/index.php\/wp-json\/wp\/v2\/product_cat?post=233"},{"taxonomy":"product_tag","embeddable":true,"href":"https:\/\/alkotasokangitol.hu\/index.php\/wp-json\/wp\/v2\/product_tag?post=233"}],"curies":[{"name":"wp","href":"https:\/\/api.w.org\/{rel}","templated":true}]}}