{"id":88,"date":"2025-02-18T09:09:55","date_gmt":"2025-02-18T09:09:55","guid":{"rendered":"https:\/\/alkotasokangitol.hu\/?post_type=product&#038;p=88"},"modified":"2025-02-18T09:09:55","modified_gmt":"2025-02-18T09:09:55","slug":"zsofia-anyatejes-nyaklanc","status":"publish","type":"product","link":"https:\/\/alkotasokangitol.hu\/index.php\/termek\/zsofia-anyatejes-nyaklanc\/","title":{"rendered":"Zs\u00f3fia anyatejes nyakl\u00e1nc"},"content":{"rendered":"<p>Ez a t\u00edpus\u00fa \u00e9kszer k\u00e9rhet\u0151 roz\u00e9 arany sz\u00ednbevonattal is, de tudnod kell, hogy mint minden bevonat (ak\u00e1r legyen az 14K arany) ez is id\u0151vel kopik. Az \u00e9kszered az ac\u00e9l eredeti sz\u00edn\u00e9vel is elk\u00e9sz\u00fclhet, ez esetben kop\u00e1st\u00f3l nem kell tartanod.<\/p>\n","protected":false},"excerpt":{"rendered":"<p>Ez a t\u00edpus\u00fa \u00e9kszer k\u00e9rhet\u0151 roz\u00e9 arany sz\u00ednbevonattal is, de tudnod kell, hogy mint minden bevonat (ak\u00e1r legyen az 14K arany) ez is id\u0151vel kopik. Az \u00e9kszered az ac\u00e9l eredeti sz\u00edn\u00e9vel is elk\u00e9sz\u00fclhet, ez esetben kop\u00e1st\u00f3l nem kell tartanod.<\/p>\n","protected":false},"featured_media":89,"template":"","meta":{"_et_pb_use_builder":"","_et_pb_old_content":"","_et_gb_content_width":""},"product_brand":[],"product_cat":[16],"product_tag":[],"class_list":{"0":"post-88","1":"product","2":"type-product","3":"status-publish","4":"has-post-thumbnail","6":"product_cat-anyatejes-ekszer","8":"first","9":"instock","10":"shipping-taxable","11":"purchasable","12":"product-type-simple"},"_links":{"self":[{"href":"https:\/\/alkotasokangitol.hu\/index.php\/wp-json\/wp\/v2\/product\/88","targetHints":{"allow":["GET"]}}],"collection":[{"href":"https:\/\/alkotasokangitol.hu\/index.php\/wp-json\/wp\/v2\/product"}],"about":[{"href":"https:\/\/alkotasokangitol.hu\/index.php\/wp-json\/wp\/v2\/types\/product"}],"wp:featuredmedia":[{"embeddable":true,"href":"https:\/\/alkotasokangitol.hu\/index.php\/wp-json\/wp\/v2\/media\/89"}],"wp:attachment":[{"href":"https:\/\/alkotasokangitol.hu\/index.php\/wp-json\/wp\/v2\/media?parent=88"}],"wp:term":[{"taxonomy":"product_brand","embeddable":true,"href":"https:\/\/alkotasokangitol.hu\/index.php\/wp-json\/wp\/v2\/product_brand?post=88"},{"taxonomy":"product_cat","embeddable":true,"href":"https:\/\/alkotasokangitol.hu\/index.php\/wp-json\/wp\/v2\/product_cat?post=88"},{"taxonomy":"product_tag","embeddable":true,"href":"https:\/\/alkotasokangitol.hu\/index.php\/wp-json\/wp\/v2\/product_tag?post=88"}],"curies":[{"name":"wp","href":"https:\/\/api.w.org\/{rel}","templated":true}]}}