{"id":90,"date":"2025-02-18T09:11:26","date_gmt":"2025-02-18T09:11:26","guid":{"rendered":"https:\/\/alkotasokangitol.hu\/?post_type=product&#038;p=90"},"modified":"2025-02-18T09:11:26","modified_gmt":"2025-02-18T09:11:26","slug":"ket-fel-egy-egesz-anyatejes-emlektargy","status":"publish","type":"product","link":"https:\/\/alkotasokangitol.hu\/index.php\/termek\/ket-fel-egy-egesz-anyatejes-emlektargy\/","title":{"rendered":"K\u00e9t f\u00e9l egy eg\u00e9sz &#8211; anyatejes eml\u00e9kt\u00e1rgy"},"content":{"rendered":"<p>Azoknak, akik nem szeretn\u00e9nek \u00e9kszert, viszont az anyatejes t\u00e1pl\u00e1l\u00e1sr\u00f3l szeretn\u00e9nek meg\u0151rizni egy k\u00e9zzel foghat\u00f3 eml\u00e9ket. Ez a t\u00edpus ide\u00e1lis 2 gyermekes sz\u00fcl\u0151k sz\u00e1m\u00e1ra, akik k\u00fcl\u00f6n-k\u00fcl\u00f6n, m\u00e9gis egyben szeretn\u00e9k megjelen\u00edteni gyermekeiket. K\u00e9rhet\u0151 a k\u00e9t oldal 2 k\u00fcl\u00f6n konzerv\u00e1l\u00e1sra megk\u00fcld\u00f6tt anyatejb\u0151l is, ezesetben az \u00e1ra 42 000 ft. Ilyen jelleg\u0171 ig\u00e9ny eset\u00e9n az info@alkotasokangitol.hu email c\u00edmen v\u00e1rom jelz\u00e9sed!<\/p>\n","protected":false},"excerpt":{"rendered":"<p>Azoknak, akik nem szeretn\u00e9nek \u00e9kszert, viszont az anyatejes t\u00e1pl\u00e1l\u00e1sr\u00f3l szeretn\u00e9nek meg\u0151rizni egy k\u00e9zzel foghat\u00f3 eml\u00e9ket. Ez a t\u00edpus ide\u00e1lis 2 gyermekes sz\u00fcl\u0151k sz\u00e1m\u00e1ra, akik k\u00fcl\u00f6n-k\u00fcl\u00f6n, m\u00e9gis egyben szeretn\u00e9k megjelen\u00edteni gyermekeiket. K\u00e9rhet\u0151 a k\u00e9t oldal 2 k\u00fcl\u00f6n konzerv\u00e1l\u00e1sra megk\u00fcld\u00f6tt anyatejb\u0151l is, ezesetben az \u00e1ra 42 000 ft. Ilyen jelleg\u0171 ig\u00e9ny eset\u00e9n az info@alkotasokangitol.hu email c\u00edmen v\u00e1rom [&hellip;]<\/p>\n","protected":false},"featured_media":91,"template":"","meta":{"_et_pb_use_builder":"","_et_pb_old_content":"","_et_gb_content_width":""},"product_brand":[],"product_cat":[16],"product_tag":[],"class_list":{"0":"post-90","1":"product","2":"type-product","3":"status-publish","4":"has-post-thumbnail","6":"product_cat-anyatejes-ekszer","8":"first","9":"instock","10":"shipping-taxable","11":"purchasable","12":"product-type-simple"},"_links":{"self":[{"href":"https:\/\/alkotasokangitol.hu\/index.php\/wp-json\/wp\/v2\/product\/90","targetHints":{"allow":["GET"]}}],"collection":[{"href":"https:\/\/alkotasokangitol.hu\/index.php\/wp-json\/wp\/v2\/product"}],"about":[{"href":"https:\/\/alkotasokangitol.hu\/index.php\/wp-json\/wp\/v2\/types\/product"}],"wp:featuredmedia":[{"embeddable":true,"href":"https:\/\/alkotasokangitol.hu\/index.php\/wp-json\/wp\/v2\/media\/91"}],"wp:attachment":[{"href":"https:\/\/alkotasokangitol.hu\/index.php\/wp-json\/wp\/v2\/media?parent=90"}],"wp:term":[{"taxonomy":"product_brand","embeddable":true,"href":"https:\/\/alkotasokangitol.hu\/index.php\/wp-json\/wp\/v2\/product_brand?post=90"},{"taxonomy":"product_cat","embeddable":true,"href":"https:\/\/alkotasokangitol.hu\/index.php\/wp-json\/wp\/v2\/product_cat?post=90"},{"taxonomy":"product_tag","embeddable":true,"href":"https:\/\/alkotasokangitol.hu\/index.php\/wp-json\/wp\/v2\/product_tag?post=90"}],"curies":[{"name":"wp","href":"https:\/\/api.w.org\/{rel}","templated":true}]}}