{"id":96,"date":"2025-02-18T09:14:46","date_gmt":"2025-02-18T09:14:46","guid":{"rendered":"https:\/\/alkotasokangitol.hu\/?post_type=product&#038;p=96"},"modified":"2025-02-18T09:14:46","modified_gmt":"2025-02-18T09:14:46","slug":"lilla-anyatejes-charm","status":"publish","type":"product","link":"https:\/\/alkotasokangitol.hu\/index.php\/termek\/lilla-anyatejes-charm\/","title":{"rendered":"Lilla anyatejes charm"},"content":{"rendered":"<p>Kiv\u00e1l\u00f3 v\u00e1laszt\u00e1s azok sz\u00e1m\u00e1ra, akik \u00fagy \u00e9rzik, hogy csal\u00e1djuk m\u00e9g nem teljes \u00e9s a k\u00e9s\u0151bbiekben b\u0151v\u00edteni szeretn\u00e9k \u00e9kszer\u00fclet. Tov\u00e1bb\u00e1 azoknak, akik Eur\u00f3pai st\u00edlus\u00fa \u00e9kszer\u00fcket szeretik igaz\u00e1n szem\u00e9lyess\u00e9 tenni \u00e9s eleg\u00e1ns megjelen\u00e9ssel eml\u00e9kekkel b\u0151v\u00edteni. Ez a legkedveltebb \u00e9kszert\u00edpus azon \u00c9desany\u00e1k k\u00f6r\u00e9ben, akik szeretn\u00e9k tov\u00e1bb adni eml\u00e9k\u00f6rz\u0151 \u00e9kszer\u00fcket gyermek\u00fcknek. A charm form\u00e1t\u00f3l f\u00fcgg\u0151en 12-14 mm, rozsdamnetes ac\u00e9l bels\u0151vel, aminek sz\u00edne opcion\u00e1lisan v\u00e1laszthat\u00f3.<\/p>\n","protected":false},"excerpt":{"rendered":"<p>Kiv\u00e1l\u00f3 v\u00e1laszt\u00e1s azok sz\u00e1m\u00e1ra, akik \u00fagy \u00e9rzik, hogy csal\u00e1djuk m\u00e9g nem teljes \u00e9s a k\u00e9s\u0151bbiekben b\u0151v\u00edteni szeretn\u00e9k \u00e9kszer\u00fclet. Tov\u00e1bb\u00e1 azoknak, akik Eur\u00f3pai st\u00edlus\u00fa \u00e9kszer\u00fcket szeretik igaz\u00e1n szem\u00e9lyess\u00e9 tenni \u00e9s eleg\u00e1ns megjelen\u00e9ssel eml\u00e9kekkel b\u0151v\u00edteni. Ez a legkedveltebb \u00e9kszert\u00edpus azon \u00c9desany\u00e1k k\u00f6r\u00e9ben, akik szeretn\u00e9k tov\u00e1bb adni eml\u00e9k\u00f6rz\u0151 \u00e9kszer\u00fcket gyermek\u00fcknek. A charm form\u00e1t\u00f3l f\u00fcgg\u0151en 12-14 mm, rozsdamnetes ac\u00e9l [&hellip;]<\/p>\n","protected":false},"featured_media":97,"template":"","meta":{"_et_pb_use_builder":"","_et_pb_old_content":"","_et_gb_content_width":""},"product_brand":[],"product_cat":[16],"product_tag":[],"class_list":{"0":"post-96","1":"product","2":"type-product","3":"status-publish","4":"has-post-thumbnail","6":"product_cat-anyatejes-ekszer","8":"first","9":"instock","10":"shipping-taxable","11":"purchasable","12":"product-type-simple"},"_links":{"self":[{"href":"https:\/\/alkotasokangitol.hu\/index.php\/wp-json\/wp\/v2\/product\/96","targetHints":{"allow":["GET"]}}],"collection":[{"href":"https:\/\/alkotasokangitol.hu\/index.php\/wp-json\/wp\/v2\/product"}],"about":[{"href":"https:\/\/alkotasokangitol.hu\/index.php\/wp-json\/wp\/v2\/types\/product"}],"wp:featuredmedia":[{"embeddable":true,"href":"https:\/\/alkotasokangitol.hu\/index.php\/wp-json\/wp\/v2\/media\/97"}],"wp:attachment":[{"href":"https:\/\/alkotasokangitol.hu\/index.php\/wp-json\/wp\/v2\/media?parent=96"}],"wp:term":[{"taxonomy":"product_brand","embeddable":true,"href":"https:\/\/alkotasokangitol.hu\/index.php\/wp-json\/wp\/v2\/product_brand?post=96"},{"taxonomy":"product_cat","embeddable":true,"href":"https:\/\/alkotasokangitol.hu\/index.php\/wp-json\/wp\/v2\/product_cat?post=96"},{"taxonomy":"product_tag","embeddable":true,"href":"https:\/\/alkotasokangitol.hu\/index.php\/wp-json\/wp\/v2\/product_tag?post=96"}],"curies":[{"name":"wp","href":"https:\/\/api.w.org\/{rel}","templated":true}]}}